
9
What is the highest common factor of 52 and 3556?
4
What is the highest common divisor of 13028 and 12?
4
Calculate the highest common divisor of 1540 and 1320.
220
Calculate the highest common factor of 172 and 1462.
86
What is the highest common factor of 16 and 26668?
4
Calculate the highest common factor of 33 and 8346679.
11
What is the greatest common divisor of 28864 and 3080?
88
Calculate the greatest common divisor of 307175 and 25.
25
Calculate the highest common divisor of 924490 and 940.
470
Calculate the highest common divisor of 252126 and 36.
18
What is the greatest common factor of 4614928 and 16?
16
Calculate the greatest common factor of 1359477 and 231.
21
What is the highest common factor of 594 and 3168?
198
What is the highest common factor of 101172 and 48?
12
Calculate the greatest common divisor of 774 and 92708.
86
Calculate the highest common divisor of 8294 and 89518.
286
What is the highest common divisor of 277583 and 278?
139
What is the highest common divisor of 1514172 and 165?
33
What is the highest common factor of 5 and 97855?
5
What is the highest common factor of 35 and 25?
5
Calculate the highest common factor of 210 and 1070.
10
Calculate the greatest common factor of 6048 and 546.
42
Calculate the highest common divisor of 8855 and 20020.
385
What is the highest common divisor of 51786 and 4842?
18
What is the greatest common factor of 70620 and 20130?
330
Calculate the highest common divisor of 5 and 258665.
5
Calculate the highest common factor of 192 and 48102.
6
What is the greatest common factor of 15371 and 240273?
809
Calculate the greatest common factor of 8690 and 555370.
790
What is the highest common divisor of 235 and 1685?
5
What is the highest common divisor of 9804 and 51072?
228
Calculate the highest common factor of 1320 and 20.
20
Calculate the highest common factor of 44373 and 84.
21
What is the greatest common factor of 105 and 60291?
21
What is the greatest common divisor of 438 and 100886?
146
Calculate the greatest common divisor of 374 and 646.
34
What is the greatest common divisor of 83 and 125?
1
Calculate the highest common factor of 231058 and 230.
46
What is the highest common divisor of 46 and 1556042?
46
Calculate the highest common factor of 95631 and 14307.
753
What is the greatest common factor of 191 and 250019?
191
What is the greatest common factor of 19875 and 53?
53
What is the greatest common factor of 34 and 41769?
17
Calculate the highest common divisor of 271 and 8640293.
271
Calculate the greatest common factor of 147 and 56358.
3
What is the highest common factor of 558 and 391344?
186
Calculate the greatest common divisor of 326103 and 1491.
213
What is the greatest common factor of 97519 and 226?
113
Calculate the highest common divisor of 204 and 12228.
12
Calculate the greatest common factor of 208850 and 110.
10
Calculate the highest common divisor of 246 and 2704852.
82
What is the greatest common factor of 14986820 and 19?
19
What is the greatest common factor of 120 and 1986?
6
Calculate the highest common factor of 167914 and 590.
118
Calculate the highest common divisor of 40 and 398270.
10
What is the highest common divisor of 5460 and 40560?
780
Calculate the greatest common divisor of 4901 and 3248.
29
What is the highest common factor of 1496 and 473?
11
Calculate the greatest common factor of 20 and 22120.
20
Calculate the greatest common divisor of 3768 and 62643.
471
What is the highest common factor of 15 and 4641?
3
Calculate the greatest common factor of 7138 and 301.
43
What is the greatest common factor of 1150 and 31970?
230
What is the greatest common factor of 1552 and 484?
4
Calculate the highest common factor of 576 and 118840.
8
What is the greatest common factor of 12 and 69798?
6
What is the highest common factor of 850 and 6550?
50
Calculate the greatest common divisor of 3665808 and 144.
144
Calculate the highest common divisor of 89 and 462.
1
What is the greatest common divisor of 26 and 278434?
26
What is the highest common divisor of 2659268 and 2344?
1172
Calculate the greatest common factor of 6128 and 16.
16
Calculate the greatest common divisor of 2460 and 564.
12
Calculate the greatest common factor of 369 and 737303.
41
Calculate the greatest common factor of 76 and 157700.
76
Calculate the highest common divisor of 60 and 2277930.
30
Calculate the greatest common factor of 32956 and 33.
11
Calculate the greatest common divisor of 110984 and 136.
8
Calculate the greatest common factor of 18317 and 117.
13
What is the highest common factor of 306 and 12186?
18
Calculate the greatest common divisor of 38052 and 252.
252
Calculate the highest common divisor of 22539 and 495.
33
Calculate the greatest common divisor of 276 and 300.
12
Calculate the highest common divisor of 3084 and 22500.
12
Calculate the highest common divisor of 53848 and 424.
424
What is the greatest common factor of 93785 and 5?
5
Calculate the highest common factor of 6987144 and 8.
8
Calculate the highest common divisor of 899823 and 9.
3
Calculate the greatest common factor of 2000 and 15.
5
What is the highest common factor of 636679 and 631?
631
Calculate the highest common divisor of 73160 and 340.
20
Calculate the highest common divisor of 721 and 21.
7
What is the highest common divisor of 51604 and 532?
532
What is the greatest common divisor of 83351 and 17?
17
Calculate the highest common divisor of 8 and 74536.
8
Calculate the greatest common factor of 237195 and 630.
315
Calculate the greatest common factor of 69316 and 124.
124
What is the greatest common divisor of 849 and 1011?
3
What is the greatest common factor of 64 and 419296?
32
Calculate the highest common factor of 5282 and 2780.
278
Calculate the greatest common divisor of 1197051 and 708.
177
What is the highest common divisor of 4511237 and 379?
379
What is the highest common factor of 59585 and 340?
85
Calculate the greatest common divisor of 96 and 4476.
12
What is the highest common divisor of 66557 and 87761?
589
What is the highest common divisor of 80 and 96770?
10
What is the greatest common divisor of 431 and 1533067?
431
What is the highest common divisor of 13752 and 885285?
1719
Calculate the highest common factor of 3070 and 271.
1
Calculate the greatest common factor of 486 and 30402.
54
What is the highest common factor of 30 and 3188070?
30
Calculate the greatest common divisor of 85325 and 100.
25
What is the highest common divisor of 84 and 1400?
28
What is the highest common factor of 520 and 7852?
52
What is the greatest common factor of 1422 and 158?
158
What is the highest common divisor of 178662 and 33?
33
What is the highest common divisor of 180 and 321252?
12
What is the highest common divisor of 87 and 2089566?
87
What is the highest common factor of 16644 and 646?
38
Calculate the highest common factor of 781 and 9910109.
781
What is the highest common factor of 27456 and 1344?
192
Calculate the highest common factor of 2384 and 174479.
149
What is the greatest common factor of 4352 and 9520?
272
What is the highest common factor of 17595 and 323?
17
What is the greatest common divisor of 47560 and 202420?
580
Calculate the highest common factor of 190944 and 476.
68
Calculate the greatest common divisor of 80 and 25360.
80
Calculate the greatest common divisor of 975 and 205.
5
Calculate the highest common factor of 25 and 67380.
5
What is the highest common divisor of 160 and 288760?
40
Calculate the greatest common factor of 12317 and 87091.
109
Calculate the highest common divisor of 1518585 and 6.
3
Calculate the greatest common factor of 89590 and 1785.
85
Calculate the greatest common factor of 29 and 61.
1
What is the greatest common divisor of 1776 and 15856?
16
What is the highest common factor of 70 and 168770?
70
Calculate the greatest common divisor of 892 and 28321.
223
Calculate the highest common divisor of 8925 and 28945.
35
What is the highest common factor of 60 and 3444?
12
Calculate the greatest common factor of 106 and 108014.
106
What is the greatest common factor of 2040728 and 24?
8
What is the highest common divisor of 43956 and 63?
9
Calculate the highest common factor of 2882 and 61501.
11
What is the highest